((-143)/195*-114)/(4/10). What is the highest common divisor of o and 143?
11
Suppose 3*a + b + 127 = 0, -2*b = -3*a - 69 - 55. Let d = -24 - a. Calculate the highest common factor of d and 144.
18
Let s = 6 + 3. Let p be ((-230)/(-26) - 0) + (-14)/(-91). Calculate the greatest common factor of s and p.
9
Let z = -606 + 663. Calculate the greatest common factor of z and 152.
19
Suppose -4 = -4*y, -42*i + 40*i + 157 = 5*y. What is the greatest common divisor of i and 171?
19
Let g(c) = -8*c - 53. Let f be g(-11). Calculate the highest common factor of f and 560.
35
Let p(n) = 5*n + 18. Let z(a) = 2*a + 9. Let x(u) = -4*p(u) + 9*z(u). Let c be x(7). Let b be (5/2)/(c/(-70)). What is the highest common factor of b and 14?
7
Let m = -49 + 112. What is the highest common factor of m and 153?
9
Let s(h) = -142*h - 293. Let a be s(-3). What is the greatest common factor of 7 and a?
7
Let w = 849 + -831. What is the highest common factor of w and 318?
6
Let c(i) = -2*i + 30. Let w be c(14). Let b be 16/(-56) - w/(-7). Let x be -1*b/(-4) + 119. Calculate the highest common factor of 17 and x.
17
Suppose -346 = -4*m + 5*n + 26, 0 = -2*m - 5*n + 216. Calculate the greatest common factor of 196 and m.
98
Let r(v) = -14*v - 4. Let x be r(-5). Let y = -30 + x. Let b(n) = -n**3 + 7*n**2 + 8*n + 9. Let a be b(8). Calculate the highest common divisor of a and y.
9
Suppose 24 - 1624 = -8*g. Calculate the highest common factor of 8 and g.
8
Let j(u) = -u**3 - 14*u**2 + 11*u + 30. Let p be j(-15). Calculate the greatest common factor of p and 144.
18
Let u(b) = 2*b + 33. Suppose -6*r = 2*r. Let c be u(r). What is the highest common factor of 3 and c?
3
Let g = -784 - -849. Suppose 2*v = -v + 39. What is the highest common factor of g and v?
13
Suppose 3*c + k = 3*k - 2, 3*c + 5*k - 5 = 0. Suppose c*l = -l + 3*f + 6, l + 4*f = 20. What is the highest common divisor of l and 108?
12
Let h = 1638 + -1590. Calculate the greatest common factor of h and 9.
3
Suppose 4*o + 0*o - 104 = 0. Let b be 168 - (4 - 10/5). Suppose 0 = 4*l - q - 211, -54 - b = -4*l + 4*q. Calculate the highest common divisor of l and o.
26
Suppose -16*f + 30 + 18 = 0. Calculate the highest common factor of 156 and f.
3
Suppose 223 + 161 = 8*v. Let p = 57 - v. What is the greatest common factor of p and 36?
9
Suppose -g + 474 = g - 3*z, g = -3*z + 219. What is the highest common divisor of 264 and g?
33
Let n = -5 + 3. Let s be n/((-3)/4 + 1). Let c be s*(-5 + -2)*1. What is the greatest common divisor of c and 14?
14
Let c(j) = 31*j - 28. Let o be c(3). Calculate the highest common factor of 182 and o.
13
Let u be (-34)/(-68) - 462/(-4). Calculate the highest common factor of u and 4.
4
Let u(x) = -x**2 - 8*x - 7. Let w be u(-6). Suppose -3*v = 2*d - 12 - 4, -4 = 2*v + w*d. Calculate the greatest common factor of 8 and v.
8
Let f = 7 - 13. Suppose -3*w + 2*l = -l - 81, -3*w - 2*l = -86. Let g = f + w. Calculate the highest common factor of g and 55.
11
Let i(a) be the third derivative of 13*a**4/24 - a**3/3 - 2*a**2. Let y be 4 + 1 + 3 + 2/1. Let g be i(y). Calculate the greatest common factor of 32 and g.
32
Let z(h) = -h + 23. Let u = 31 + -21. Let i be z(u). Calculate the greatest common divisor of 143 and i.
13
Suppose n + 5*w = 45, 4*w + 54 = 4*n - 198. What is the greatest common divisor of n and 20?
20
Let b(h) = -4 - h**2 - h - 2*h**3 + 2*h**3 - h**3. Let i be b(-3). What is the highest common factor of 68 and i?
17
Let l(k) = 310*k - 37. Let d be l(2). What is the highest common factor of d and 106?
53
Suppose 4*t - 2*h = 0, -3*t = 2*t - 3*h - 2. Let x = -164 - -160. Let r = t - x. Calculate the greatest common divisor of r and 22.
2
Let s(d) = d**3 - 4*d**2 - 1. Let p(f) = f**2 + 2*f + 2. Let t be p(-3). Let q be s(t). Calculate the greatest common divisor of q and 216.
24
Suppose 3*k = 5*o - 2*k - 75, o - 3 = -5*k. Let y be -8 - -11 - (-1 - 9). What is the greatest common divisor of o and y?
13
Let v = -225 + 244. Let p(z) = -z**3 - 3*z**2 + z - 7. Let j be p(-5). What is the greatest common divisor of v and j?
19
Let w be 3/(1*-3*5/(-645)). Let d be 1 + (w - (-15)/3). Calculate the greatest common factor of 54 and d.
27
Let o(q) = -18*q + 150. Let s be o(0). Calculate the greatest common divisor of s and 650.
50
Suppose 2*u - 117 = -37. Suppose -2*p = -u - 176. What is the greatest common divisor of 27 and p?
27
Let j be 2/7 + (-970)/(-35). Suppose -3*h - 28 = 32. Let l be ((-28)/(-5))/((-2)/h). Calculate the greatest common divisor of j and l.
28
Suppose -t + 2*t - d = 7, 4*t + 5*d + 8 = 0. Let c(i) = -18*i + 7. Let q be c(t). Let r = 79 + q. What is the highest common divisor of r and 4?
4
Let b(q) = -3*q - 60. Let p be b(-22). What is the highest common factor of p and 2?
2
Let u(o) = 11*o - 46. Let n(g) = g**3 - 3*g**2 - 3*g + 1. Let d be n(4). Let t be u(d). Let q be (0 + 0 - 1)*-1. What is the highest common divisor of q and t?
1
Let t(w) = 6*w - w + 5*w**2 + 6*w - 10*w - 10. Let y be t(5). Suppose o - 48 = -j, 2*o - y = -o + 5*j. Calculate the greatest common factor of 5 and o.
5
Let k be 1 + (-1 - 0) - -135. Suppose 0 = -4*l + l + 18. Let x be ((-6)/(-4) - -1)*l. Calculate the highest common divisor of x and k.
15
Let b = 831 - 830. Calculate the highest common divisor of 11 and b.
1
Let k(f) = -10*f + 320. Let v be k(24). Calculate the greatest common divisor of 140 and v.
20
Let j be 4 - (-2 - (28 + -2)). What is the highest common factor of 8 and j?
8
Let a(c) = -2*c**3 + 13*c**2 + 5*c + 24. Let k be a(7). What is the greatest common divisor of 8 and k?
2
Suppose -292*f = -296*f + 624. Let q(x) = x**2 + 4*x + 7. Let r be q(-5). Calculate the greatest common divisor of r and f.
12
Suppose 2*r + 2*r + 20 = 0, -5*r = 4*o - 11. Let p be 230/((-4)/(-2)) - -2. What is the greatest common factor of o and p?
9
Suppose -3*n + 4 = -2*n. Suppose 435 = n*o + 83. Suppose 4*i - 32 = -x, -i + 4*x - 5 = -13. Calculate the greatest common factor of i and o.
8
Suppose -86*n + 71*n = -1980. Let w(c) = c**2 + 3*c + 2. Let a be w(-5). Calculate the greatest common divisor of a and n.
12
Suppose 2*r - 3*f - 51 = 75, -f = r - 63. Let d be (-1)/((-20)/(-16)) + 686/70. What is the highest common factor of d and r?
9
Let z be 4/(-14) + 130/14. Suppose -8*l = -4*l - 52. Suppose -4 = c - l. Calculate the highest common factor of c and z.
9
Let l be -2 + (0 - -2) - -13. Suppose -2*b + 652 = -2*a + b, -2*b = 0. Let i = a + 469. Calculate the greatest common divisor of i and l.
13
Suppose p - z = -3*z + 130, 0 = 4*p - 5*z - 494. What is the highest common factor of 210 and p?
42
Let n(y) be the first derivative of y**3 + 4. Let z be n(1). Suppose 4*j - 2 = -x, -z*x - 2*j - j = -15. What is the highest common divisor of 3 and x?
3
Let r(i) = i**3 - 13*i**2 + 9*i - 8. Let j be r(12). Let v = j - -58. Calculate the highest common factor of v and 14.
14
Suppose -6300 = -85*k + 22*k. Let o = -8 + 28. Calculate the highest common divisor of k and o.
20
Let c(o) = 6*o + 66. Let f be c(-9). What is the highest common divisor of f and 3?
3
Let o be (-84)/(-1 - (-1)/(-2)). Let n(p) = -33*p**3 + p**2 - 3*p + 2. Let j be n(1). Let g = -25 - j. Calculate the highest common factor of g and o.
8
Let f be (6 + -6)/(6/(-3)). Suppose -113 = -5*w - 3*i, -w + f*i - i = -23. What is the highest common factor of w and 198?
22
Let y = -307 - -587. Calculate the highest common factor of 210 and y.
70
Let d be 36/5*(-110)/(-66). What is the highest common divisor of d and 1236?
12
Suppose 2*h - 22 = -0*h. Suppose 70 = -6*q - q. Let x be (792/20)/((-4)/q). Calculate the highest common divisor of h and x.
11
Suppose 6*l + 372 = 2*l. Let s = -31 - l. Suppose -5*q + 5 = 0, 4*c + 3 - s = 5*q. What is the greatest common factor of 144 and c?
16
Suppose 2*o + 5*y - 75 = 0, 5 - 107 = -3*o + 3*y. Calculate the highest common divisor of 455 and o.
35
Let z = -2369 - -3423. Calculate the highest common factor of z and 62.
62
Let g(w) = -3*w**2 - 13*w - 27. Let p be g(-6). Let k = -40 - p. Let x = k + 9. Calculate the greatest common factor of x and 52.
26
Let x(g) = -g**2 - 16*g - 31. Suppose 35 + 82 = -9*y. Let m be x(y). What is the highest common divisor of m and 24?
8
Let r(y) = -y**3 + 4*y**2 + 6*y + 2. Let k be 2 + -1 + 0 + 4. L